= -4*o - 4*a, -316 = 3*o - 4*a. Let m = i - o. Is m a composite number?
False
Suppose -a + 49 = -136. Is a prime?
False
Is -1 + -3 - (1 - (-6312)/(-3)) prime?
True
Suppose 0*u - 5*u = 15. Let b(w) = 9*w**2 - 4. Let d be b(u). Suppose 3*s = -3*l + 144, 2*l + 109 = 4*s - d. Is s a composite number?
False
Suppose q - 1 + 0 = 0. Let j = q + 2. Suppose j*y + y - 5*d - 44 = 0, y - 11 = -3*d. Is y prime?
True
Let b = -72 + 103. Is b composite?
False
Suppose 3*g - 376 = 5*g. Let o = g - -267. Is o composite?
False
Suppose 4*c - c - 3 = -j, 0 = -j. Let w(f) = 4*f - c - f**2 + 0*f**2 - f**2 + f**3 - 3*f**2. Is w(5) a composite number?
False
Let n = 5 + 0. Suppose -4*l + 0 = -12. Suppose l*g - 447 = g + p, 5*g - n*p - 1120 = 0. Is g a prime number?
True
Let h be (2/(-6))/((-3)/45). Suppose -h*b = -162 - 128. Is b prime?
False
Let y be (-4)/6*33/(-2). Let q = y - 7. Is (-1)/2 - (-222)/q prime?
False
Suppose 13*c = 11*c + 1082. Is c a composite number?
False
Let u = -725 - -1747. Let g = u + -271. Is g composite?
False
Let z(k) = 60*k**2 - 6*k + 7. Is z(-6) composite?
False
Let u(g) = -2*g**2 - g + 1. Let o be u(1). Let b be (-1)/(3 + o) - -2. Is 4/(-2) + b*91 a composite number?
False
Let r = 1 - -2. Suppose -l - r*m = 3*l - 28, 4 = 4*l - 3*m. Suppose -5*g + l*g + 13 = -2*b, 0 = 5*g + 4*b - 107. Is g prime?
True
Let q(k) = 36*k - 2. Suppose -2*i + 10 = -4*f, -2*f = i - f - 2. Is q(i) a prime number?
False
Let x(u) = -u**3 + 7*u**2 - 5*u - 6. Let w be x(6). Is (1 - w) + 1 + 147 a composite number?
False
Suppose 7*w - 158 = -2*b + 3*w, -64 = -b - 5*w. Is b composite?
False
Let b(g) = 106*g**2 + 3*g + 9. Is b(-4) a prime number?
True
Is 379*(3 - 2 - (3 - 3)) prime?
True
Let v(z) = -z**3 - z**2. Let w be v(0). Is w - (3 - -220)*-1 prime?
True
Let k(u) = 2*u - 6. Let o be k(5). Suppose -3*p + 3*c + 408 = 0, -c + 130 = o*p - 3*p. Is p composite?
True
Is (-12)/18 + 1 + 1256/3 prime?
True
Let a = -5 - -228. Is a composite?
False
Suppose 2*u = -2*t - 3*t + 16, 4*u = -3*t + 18. Suppose -4*j + 30 - 475 = i, -i = t*j + 221. Let o = -75 - j. Is o a composite number?
False
Suppose -2*a + 618 = 2*x, 0*a + 2*a - 4*x = 606. Is a a composite number?
False
Let t(i) = -1 + 16*i + 0*i + 6*i - 6*i. Is t(5) prime?
True
Let q = -264 + 81. Is 24/60 + q/(-5) prime?
True
Let d(y) be the third derivative of -y**4/24 + 2*y**2. Is d(-4) prime?
False
Suppose -2*l = -3*w + 291, 4*l + l = 5*w - 490. Suppose -3*g + w = 2*g. Is g prime?
True
Let i = 5603 - 2682. Is i a composite number?
True
Let n(x) = 1 - x**2 + 0*x**2 + 5 + 8*x. Let y(r) = 2*r**2. Let o be y(2). Is n(o) a composite number?
True
Let s(v) be the second derivative of -v**3/3 - 4*v**2 + 3*v. Let h be s(-7). Is 124/h*12/8 a prime number?
True
Let u be (-4)/24 - (-26)/12. Suppose 0 = u*a + 122 - 1612. Is a prime?
False
Let a = 0 + 3. Suppose -a*k = -9 - 6. Let f = 40 - k. Is f a composite number?
True
Suppose -3*u + 58 = -5*f, -f - 8 = -3. Let d(i) = 10 + 1 - u*i - 2. Is d(-10) prime?
False
Let v = -1557 + 2326. Is v composite?
False
Suppose -4*c = 0, -3*c = -a - 0*c + 77. Is a composite?
True
Suppose 3 = -0*o + o. Let b be (-2)/5 + (-13)/5. Is 2*16 + b/o composite?
False
Let p(s) = s**3 - 6*s**2 - 5*s + 7. Let c be p(7). Let h(i) = i**2 - i + 58. Let f be h(0). Let k = f + c. Is k a composite number?
False
Suppose 3*c + 0 = 3*u + 15, c + 4*u + 20 = 0. Suppose c = -7*j + 8*j - 77. Is j composite?
True
Let h = 40 - -957. Is h a prime number?
True
Suppose -5*j + 8 = -7. Let g = -3 + j. Suppose g*q + 5*q - 30 = 0. Is q a prime number?
False
Suppose -3*m - 17 = -8. Let a(r) = -r**3 + r**2 + 1. Is a(m) a composite number?
False
Let c(k) = -76*k - 1. Let q be c(-5). Suppose 3*u = -4*j + q, -u + 4*j = j - 148. Is u composite?
True
Is (5 - -252)/(1 + 0) a composite number?
False
Let g be (-2 - -3)*(74 + -2). Is 2/(-9) - (-22840)/g prime?
True
Suppose 0 = p + p - 2. Let m = p + -1. Suppose z = -m*z + 37. Is z composite?
False
Let u(d) = -d + 9. Let l be u(7). Let b(i) = 4*i**l + 2 - 3*i**2 + 4 + 4*i. Is b(-5) prime?
True
Let v be (-3 + 0)*4/(-6). Let r be (-1)/(((-4)/10)/v). Suppose 64 = 2*l - r*m, 0 = 3*l - m - 82 + 12. Is l a prime number?
False
Let i = -81 - -146. Let z = 139 - i. Suppose 0 = h + h - z. Is h composite?
False
Let v(f) = 2*f**2 + 1067. Is v(0) a composite number?
True
Let n(x) = -9*x. Let o(y) = 5*y. Let t(q) = 5*n(q) + 10*o(q). Let f be t(-2). Is 3 + -1 - (-1 + f) composite?
False
Suppose 4599 = 4*f - 2885. Is f composite?
False
Let v(p) = -p**2 + 5*p. Let u be v(5). Suppose 0 = 2*l + 2*l + c - 84, u = 2*l + 2*c - 36. Is l a prime number?
False
Suppose f - 3 = -0*f. Suppose -x - a = 5, 5*x - a + 13 = -f*a. Is (-51)/x - (-3 + 5) prime?
False
Let f(g) = -2*g + 9. Let j be f(-9). Suppose 0 = z - 28 - j. Is z a prime number?
False
Let v(f) = 13*f - 20. Let b be v(20). Suppose -238 - b = -2*d. Is d a composite number?
False
Let g = 0 - -2. Let u be ((-10)/4)/((-2)/4). Suppose g*i - 294 = -u*p, -21 - 615 = -4*i + 2*p. Is i composite?
False
Let w = -3 + 20. Suppose -z - 77 = -2*l - w, -2*z = -4. Is l a composite number?
False
Suppose -9*p + 955 = -4*p. Is p a composite number?
False
Let j(m) = 2*m**2 + 2*m - 5. Suppose -4*p = -3*i - 3 + 37, -36 = -4*i + 3*p. Is j(i) a composite number?
False
Let a = 8 + -6. Suppose -a*f + 493 = -f. Suppose f = 5*x - 82. Is x composite?
True
Suppose 3*a + 30 + 5 = -4*p, a = 2*p + 5. Let w(s) = 7*s**2 - 4*s + 4. Is w(p) composite?
False
Let h(j) = -j**2 + 9*j - 1. Is h(8) prime?
True
Let a(z) = z**3 + 7*z**2 + 2*z - 1. Let j be a(-4). Suppose 3*k + 2 = -4. Let o = k + j. Is o a composite number?
False
Let s(l) = -5*l**2 - 2*l. Let p be s(-1). Let k = 82 + p. Is k a composite number?
False
Is ((-45)/(-2))/(-15)*(-2054)/3 a prime number?
False
Let k(b) = 4*b**2 + 2*b - 9. Is k(-10) a composite number?
True
Suppose 4 = -z, 5*q = q - 2*z + 704. Is q composite?
True
Suppose 1129 = v - 373. Is v a prime number?
False
Let u(c) = 7*c**2 + 6*c + 3. Let d = 23 - 16. Let z = d - 11. Is u(z) a prime number?
False
Let j be (26/6)/(3/9). Let n = 31 - j. Suppose 5*h - 67 = 3*i - 2*i, 4*i - n = -2*h. Is h a prime number?
True
Suppose -2*f + 2003 = -1691. Is f prime?
True
Let j(c) = 6*c + 13. Let t be j(9). Let u(r) = 7*r**3 - 4*r**2 + 3*r. Let n be u(2). Let v = t - n. Is v composite?
True
Suppose -7*p = -2*p - 1315. Is p a prime number?
True
Let q(m) = -m**3 + 5*m**2 + m - 5. Let o be q(5). Suppose -v + o*v + 26 = 0. Suppose s = 21 + v. Is s a composite number?
False
Let r = 8 + 141. Is r a composite number?
False
Let k(p) = -p. Let l be k(-3). Suppose 0 = -2*x + l + 1. Suppose 3*c - x*d = 51, 2*d = -5*c + c + 82. Is c a prime number?
True
Let m(x) = -24*x**3 - 4*x**2 - 5*x - 1. Let a(z) = -z**3 - z**2 - z. Let h(i) = -5*a(i) + m(i). Is h(-1) prime?
True
Suppose 0 = -t, -2*n - 2*t = t - 3418. Is n prime?
True
Let i(o) = -o**3 - 6*o**2 - 4*o + 7. Let n be i(-5). Suppose -5*v - 3*q + 1106 = 0, -2*v + n*q = 81 - 533. Is v a prime number?
True
Let c be (-11)/(-4) + 1/4. Suppose 0 = -5*h + 10, -c*g + 5*h - 3*h + 59 = 0. Is g a prime number?
False
Suppose 5 - 1 = -d. Let x(j) = -43*j - 6. Let s be x(d). Let g = s - 23. Is g a composite number?
True
Suppose -11 = -4*u + n, -4*u - 2 = n - 7. Suppose -u*d - 9 = -3*d. Suppose -167 = -2*v - d. Is v a composite number?
False
Let s(c) = 10*c - 13. Is s(5) a prime number?
True
Let a(d) = 2*d - 5*d + 0 - 52*d**3 + d - 1. Is a(-1) prime?
True
Let m(i) = -3*i + 5 + 4*i**2 - 4*i**2 + i**2. Let u be m(6). Suppose u + 167 = 2*q. Is q composite?
True
Let p(h) = 68*h**2 - 7*h - 1. Is p(-4) a composite number?
True
Is 67*1*34/(-2)*-1 prime?
False
Suppose -c - 2*c - 30 = -3*s, -s - 5 = 2*c. Suppose s*g = g + 88. Suppose 0 = 4*k - 2*k - g. Is k composite?
False
Let h = 28 - 15. Is h prime?
True
Let x be -1 - (-1 - 0 - 83). Let z = 14 - 9. Suppose -p + 68 = z*w - 31, p - 3*w = x. Is p prime?
True
Suppose -4*f + 5*s = -2088, 5*s = -4*f + 1257 + 871. Is f composite?
True
Let l(y) = -3*y + 1. Let t be l(-1). Suppose g + 4*u = 63, 0*u - t*u = 5*g - 283. Is g a composite number?
True
Suppose -111 - 87 = -3*u. Is u + (-2 - 2 - -3) a prime number?
False
Is -2 - -117 - (2 + -2) prime?
False
Let n(d) = 29*d**2 - 7. Let l be n(-3). Let f = l + -97. Is f a prime number?
True
Suppose 521 =